0530127 composite?
False
Is 808690633 composite?
False
Is 599029237 composite?
False
Is 6486929767 composite?
True
Is 39296711953 prime?
True
Is 26216412949 a prime number?
True
Is 15817132207 a prime number?
True
Is 622004831 a composite number?
True
Is 24365251679 prime?
True
Is 338399401 prime?
False
Is 1847651747 a composite number?
False
Is 2312916157 prime?
False
Is 754124747 composite?
False
Is 365919077 a prime number?
True
Is 3129908989 prime?
True
Is 3657588563 a composite number?
False
Is 11903375999 prime?
True
Is 3853102243 prime?
True
Is 2893980029 a prime number?
True
Is 2054603909 composite?
False
Is 121902289 prime?
True
Is 126258428203 a composite number?
True
Is 75603684601 prime?
False
Is 2245136557 a prime number?
False
Is 561974902 a composite number?
True
Is 228130337 prime?
True
Is 1427291 prime?
True
Is 74403185 a composite number?
True
Is 93876673 prime?
False
Is 33193622009 prime?
True
Is 9527120531 composite?
True
Is 13550579593 composite?
True
Is 6690704959 composite?
True
Is 1027252799 a composite number?
False
Is 741373717 a prime number?
False
Is 3435163553 a composite number?
True
Is 112222963 a composite number?
False
Is 18052730011 prime?
True
Is 15006358919 composite?
True
Is 232274617 composite?
False
Is 2532901271 a composite number?
False
Is 12576558439 composite?
True
Is 945223871 composite?
False
Is 15630257771 prime?
True
Is 4081599943 composite?
True
Is 21622899691 a prime number?
True
Is 467641079 a composite number?
False
Is 7363504613 prime?
True
Is 15640964539 a prime number?
False
Is 608398613 a composite number?
False
Is 662354806 prime?
False
Is 57963771113 prime?
False
Is 2286582107 a composite number?
False
Is 208246627001 prime?
False
Is 579413071 composite?
False
Is 28852675405 composite?
True
Is 38972293 prime?
True
Is 17713324687 a prime number?
False
Is 13921106781 prime?
False
Is 15001682441 a composite number?
False
Is 116517707 composite?
True
Is 4414443919 a prime number?
False
Is 374312915 prime?
False
Is 147854173 a prime number?
True
Is 35096273161 a prime number?
True
Is 63166777 a composite number?
True
Is 3496678613 a composite number?
False
Is 38940655189 a composite number?
False
Is 22130569957 composite?
True
Is 3911384677 composite?
False
Is 2126063591 a prime number?
True
Is 7054463609 composite?
True
Is 150465309515 composite?
True
Is 3282175981 a prime number?
False
Is 1778359393 a prime number?
True
Is 8823603395 a prime number?
False
Is 60549812459 a prime number?
False
Is 6779256733 a prime number?
True
Is 2992345523 prime?
True
Is 243633563 a prime number?
True
Is 17668542949 a composite number?
False
Is 7198012581 a composite number?
True
Is 1480564141 a composite number?
True
Is 75256193069 composite?
True
Is 1039596927 a prime number?
False
Is 56721127 a composite number?
True
Is 542625841 a prime number?
True
Is 6317626907 a composite number?
False
Is 8435025251 prime?
True
Is 38740639117 a composite number?
True
Is 155842751 a composite number?
False
Is 159336225401 a composite number?
False
Is 113353363 a composite number?
False
Is 27140018621 a composite number?
True
Is 13540044715 a composite number?
True
Is 8101041493 a prime number?
False
Is 980109343 a prime number?
False
Is 1528051423 a prime number?
True
Is 4102228961 prime?
False
Is 3856890533 a composite number?
False
Is 1310620789 prime?
True
Is 15926132429 prime?
True
Is 9133232221 composite?
True
Is 4877574281 composite?
True
Is 5595627361 composite?
True
Is 55346874667 a composite number?
True
Is 6101199073 a composite number?
True
Is 16444930946 composite?
True
Is 1547788547 a composite number?
False
Is 116978886221 composite?
False
Is 2092581317 a composite number?
True
Is 3582607537 composite?
False
Is 1985116363 composite?
False
Is 36408784457 a prime number?
True
Is 16305539183 prime?
True
Is 19590597521 a prime number?
False
Is 36785471 a composite number?
False
Is 181087799 prime?
False
Is 5443342063 a prime number?
True
Is 4123873339 a prime number?
True
Is 231750557 composite?
True
Is 231026879 a composite number?
True
Is 3169388465 a prime number?
False
Is 199516727 composite?
True
Is 119872512731 composite?
True
Is 159756119 composite?
False
Is 1143280579 prime?
False
Is 2967465329 composite?
True
Is 60307651 composite?
False
Is 314280342357 composite?
True
Is 357723019 a prime number?
True
Is 9099856301 composite?
False
Is 1310928563 prime?
False
Is 3175658111 a prime number?
True
Is 108375742087 a prime number?
True
Is 377507623 composite?
True
Is 28503283 a composite number?
True
Is 393828023 a prime number?
True
Is 84414138157 prime?
True
Is 34859639 prime?
False
Is 2441236933 a prime number?
True
Is 540726295 composite?
True
Is 723250381561 prime?
True
Is 76735226929 prime?
False
Is 404335567 composite?
False
Is 3694618103 composite?
True
Is 187006153 a prime number?
False
Is 1875266678 composite?
True
Is 21339605993 a composite number?
True
Is 4734114871 composite?
True
Is 701842727 prime?
True
Is 4912917617 a prime number?
True
Is 11842623047 composite?
False
Is 573441181 a prime number?
True
Is 22120433963 prime?
False
Is 233655706353 composite?
True
Is 12921295397 a composite number?
False
Is 12921637853 a prime number?
True
Is 304279301 a prime number?
False
Is 39301527659 prime?
False
Is 20775782327 composite?
False
Is 3112439665 composite?
True
Is 672466283 composite?
False
Is 37366829 a prime number?
False
Is 78420006209 composite?
False
Is 354052483 composite?
True
Is 62824611415 a composite number?
True
Is 14566040933 a composite number?
True
Is 4916196793 prime?
True
Is 4185751981 prime?
True
Is 50220018133 a composite number?
False
Is 33634535903 a composite number?
False
Is 71787973 prime?
True
Is 12266696831 prime?
True
Is 10495 a composite number?
True
Is 1712508023 a prime number?
True
Is 3195059165 prime?
False
Is 74847651869 prime?
False
Is 7642843711 a prime number?
True
Is 76291159435 a composite number?
True
Is 386580373 a prime number?
True
Is 5208662189 a prime number?
False
Is 44153348713 prime?
False
Is 17944152077 prime?
False
Is 69849163 composite?
False
Is 3625116809 a prime number?
True
Is 10022173687 a prime number?
True
Is 4589298569 prime?
True
Is 83687457089 prime?
True
Is 12998454247 composite?
False
Is 518735659 a prime number?
False
Is 53921708879 a prime number?
True
Is 59990131 composite?
False
Is 606630793 a composite number?
True
Is 10426362539 a composite number?
False
Is 7339742495 composite?
True
Is 19566407951 a composite number?
False
Is 7463245333 a composite number?
True
Is 364063487 a prime number?
True
Is 3849817123 prime?
True
Is 103983513833 a prime number?
False
Is 580454861 composite?
True
Is 413768087 a composite number?
False
Is 71045251 composite?
True
Is 65721559 composite?
False
Is 132822297367 composite?
True
Is 298477099 a prime number?
False
Is 2852129911 a prime number?
False
Is 24082557593 a composite number?
False
Is 706478543 composite?
True
Is 7904565739 a composite number?
True
Is 14855620697 prime?
False
Is 9144565723 composite?
True
Is 15960210943 prime?
True
Is 4019862967 a composite number?
True
Is 2460909053 a prime number?
False
Is 47729763307 a composite number?
False
Is 1048331899 a composite number?
True
Is 11358080369 a prime number?
True
Is 10449046571 a composite number?
False
Is 2364622427 a prime number?
True
Is 6411196763 prime?
True
Is 2815322311 prime?
False
Is 6684082571 a composite number?
True
Is 16890544873 composite?
True
Is 19404583789 prime?
True
Is 21777823117 composite?
False
Is 5718629921 prime?
True
Is 304624501 a prime number?
True
Is 1087801003 a composite number?
False
Is 4807011203 a prime number?
False
Is 4031867899 a prime number?
False
Is 101904243341 composite?
True
Is 7304788607 a composite number?
False
Is 3662587067 a composite number?
False
Is 28570828577 a prime number?
True
Is 1132371511 prime?
True
Is 888527821 composite?
False
Is 6393236807 prime?
True
Is 493813669 a prime number?
False
Is 28862565421 a prime number?
False
Is 170597993 prime?
True
Is 27832976789 prime?
True
Is 13163068559 a composite number?
True
Is 1840143898 a composite number?
True
Is 18762135473 composite?
False
Is 7494143341 composite?
False
Is 9977059369 a prime number?
True
Is 4935819331 a prime